{"id":133,"date":"1970-01-01T00:00:00","date_gmt":"1969-12-31T23:00:00","guid":{"rendered":"http:\/\/test9.antoniopalumbo.it\/?page_id=133"},"modified":"2020-01-12T16:25:15","modified_gmt":"2020-01-12T15:25:15","slug":"racconti-delle-escursioni","status":"publish","type":"page","link":"https:\/\/www.caicagliari.it\/escursionismo\/programmi-escursioni\/racconti-delle-escursioni\/","title":{"rendered":"Racconti delle Escursioni"},"content":{"rendered":"","protected":false},"excerpt":{"rendered":"","protected":false},"author":1,"featured_media":0,"parent":10002267,"menu_order":6,"comment_status":"closed","ping_status":"closed","template":"","meta":{"_acf_changed":false,"jetpack_post_was_ever_published":false,"footnotes":""},"class_list":["post-133","page","type-page","status-publish","hentry"],"acf":[],"jetpack_sharing_enabled":true,"jetpack_shortlink":"https:\/\/wp.me\/P7kNhu-29","jetpack-related-posts":[{"id":10002127,"url":"https:\/\/www.caicagliari.it\/escursionismo\/gruppo-escursionistico\/organizzazione\/","url_meta":{"origin":133,"position":0},"title":"Organizzazione","author":"paolop","date":"6 Giugno 2019","format":false,"excerpt":"Presidente: Claudio Simbula Sito: www.escai.sardegna.it \u00a0 Informazioni generali Il Gruppo si occupa della compilazione del calendario delle escursioni da proporre ogni anno, della conduzione e dell\u2019organizzazione delle stesse. Promuove ogni iniziativa per la diffusione e la pratica dell\u2019escursionismo finalizzata alla frequentazione consapevole e corretta dei territori montani, allo studio, la\u2026","rel":"","context":"Articolo simile","block_context":{"text":"Articolo simile","link":""},"img":{"alt_text":"","src":"","width":0,"height":0},"classes":[]},{"id":10001291,"url":"https:\/\/www.caicagliari.it\/escursionismo\/gruppo-escursionistico\/le-regole\/","url_meta":{"origin":133,"position":1},"title":"Le Regole","author":"admin","date":"15 Marzo 2016","format":false,"excerpt":"PREMESSA L\u2019Escursionismo Sociale \u00e8 l\u2019attivit\u00e0 pi\u00f9 praticata nella nostra sezione, la via maestra di accesso dei soci alle nostre attivit\u00e0. Riveste perci\u00f2 una importanza sociale e formativa fondamentale e promuove oltre ad un sano godimento della natura in piena sicurezza, anche la maturazione culturale e tecnica del socio che ha\u2026","rel":"","context":"Articolo simile","block_context":{"text":"Articolo simile","link":""},"img":{"alt_text":"","src":"","width":0,"height":0},"classes":[]},{"id":10003107,"url":"https:\/\/www.caicagliari.it\/escursionismo\/programmi-escursioni\/programma-annuale-escursioni-2023\/","url_meta":{"origin":133,"position":2},"title":"Programma Annuale Escursioni 2023","author":"paolop","date":"26 Gennaio 2023","format":false,"excerpt":"\u00a0 Visualizza il Programma Annuale Escursioni 2023","rel":"","context":"Articolo simile","block_context":{"text":"Articolo simile","link":""},"img":{"alt_text":"","src":"https:\/\/i0.wp.com\/www.caicagliari.it\/escursionismo\/wp-content\/uploads\/sites\/2\/2018\/01\/miniatPAE_2016-211x300.jpg?resize=350%2C200&ssl=1","width":350,"height":200},"classes":[]},{"id":135,"url":"https:\/\/www.caicagliari.it\/escursionismo\/programmi-escursioni\/programma-annuale-escursioni-2013\/","url_meta":{"origin":133,"position":3},"title":"Programma Annuale Escursioni 2013","author":"admin","date":"19 Gennaio 2018","format":false,"excerpt":"Visualizza il Programma annuale escursioni 2013","rel":"","context":"Articolo simile","block_context":{"text":"Articolo simile","link":""},"img":{"alt_text":"","src":"https:\/\/i0.wp.com\/www.caicagliari.it\/escursionismo\/wp-content\/uploads\/sites\/2\/2018\/01\/miniat_PAE_2013-300x210.jpg?resize=350%2C200","width":350,"height":200},"classes":[]},{"id":139,"url":"https:\/\/www.caicagliari.it\/escursionismo\/programmi-escursioni\/programma-annuale-escursioni-2015\/","url_meta":{"origin":133,"position":4},"title":"Programma Annuale Escursioni 2015","author":"admin","date":"1 Gennaio 1970","format":false,"excerpt":"Visualizza il Programma annuale escursioni 2015","rel":"","context":"Articolo simile","block_context":{"text":"Articolo simile","link":""},"img":{"alt_text":"","src":"https:\/\/i0.wp.com\/www.caicagliari.it\/escursionismo\/wp-content\/uploads\/sites\/2\/2018\/01\/miniatPAE_2015-215x300.jpg?resize=350%2C200","width":350,"height":200},"classes":[]},{"id":10001618,"url":"https:\/\/www.caicagliari.it\/escursionismo\/programmi-escursioni\/programma-annuale-escursioni-2017\/","url_meta":{"origin":133,"position":5},"title":"Programma Annuale Escursioni 2017","author":"paolop","date":"19 Gennaio 2018","format":false,"excerpt":"Visualizza il Programma Annuale Escursioni 2017","rel":"","context":"Articolo simile","block_context":{"text":"Articolo simile","link":""},"img":{"alt_text":"","src":"https:\/\/i0.wp.com\/www.caicagliari.it\/escursionismo\/wp-content\/uploads\/sites\/2\/2018\/01\/miniatPAE_2017.jpg?resize=350%2C200","width":350,"height":200},"classes":[]}],"_links":{"self":[{"href":"https:\/\/www.caicagliari.it\/escursionismo\/wp-json\/wp\/v2\/pages\/133","targetHints":{"allow":["GET"]}}],"collection":[{"href":"https:\/\/www.caicagliari.it\/escursionismo\/wp-json\/wp\/v2\/pages"}],"about":[{"href":"https:\/\/www.caicagliari.it\/escursionismo\/wp-json\/wp\/v2\/types\/page"}],"author":[{"embeddable":true,"href":"https:\/\/www.caicagliari.it\/escursionismo\/wp-json\/wp\/v2\/users\/1"}],"replies":[{"embeddable":true,"href":"https:\/\/www.caicagliari.it\/escursionismo\/wp-json\/wp\/v2\/comments?post=133"}],"version-history":[{"count":1,"href":"https:\/\/www.caicagliari.it\/escursionismo\/wp-json\/wp\/v2\/pages\/133\/revisions"}],"predecessor-version":[{"id":10001250,"href":"https:\/\/www.caicagliari.it\/escursionismo\/wp-json\/wp\/v2\/pages\/133\/revisions\/10001250"}],"up":[{"embeddable":true,"href":"https:\/\/www.caicagliari.it\/escursionismo\/wp-json\/wp\/v2\/pages\/10002267"}],"wp:attachment":[{"href":"https:\/\/www.caicagliari.it\/escursionismo\/wp-json\/wp\/v2\/media?parent=133"}],"curies":[{"name":"wp","href":"https:\/\/api.w.org\/{rel}","templated":true}]}}