{"id":10003612,"date":"2024-02-24T15:59:54","date_gmt":"2024-02-24T14:59:54","guid":{"rendered":"https:\/\/www.caicagliari.it\/escursionismo\/?page_id=10003612"},"modified":"2024-02-24T18:04:07","modified_gmt":"2024-02-24T17:04:07","slug":"georesq-istruzioni-per-luso","status":"publish","type":"page","link":"https:\/\/www.caicagliari.it\/escursionismo\/georesq-istruzioni-per-luso\/","title":{"rendered":"GeoResQ &#8211; Istruzioni per l&#8217;uso"},"content":{"rendered":"<p>La Commissione Sentieri e Cartografia del Club Alpino Italiano &#8211; Sezione di Cagliari ha preparato una presentazione sull&#8217;<strong> <a href=\"https:\/\/www.caicagliari.it\/escursionismo\/wp-content\/uploads\/sites\/2\/2024\/02\/GeoResQ-Istruzioni.pdf\" target=\"_blank\" rel=\"noopener\">uso di GeoResQ<\/a> <\/strong><\/p>\n<p>E&#8217; stato preparato un file.pdf con alcuni collegamenti ipertestuali.<\/p>\n<p>Si consiglia di aprire i collegamenti ipertestuali con il tasto destro del mouse.<\/p>\n<p>In caso contrario quando si ritorna al file.pdf questo riprender\u00e0 dall&#8217;inizio.<\/p>\n<p>L&#8217;app GeoResQ permette, tra l&#8217;altro, di:<\/p>\n<ul>\n<li>vedere la propria posizione su una mappa<\/li>\n<li>registrare una traccia<\/li>\n<li>condividere la posizione o la traccia anche mentre la si percorre<\/li>\n<li>importare una traccia e seguirla<\/li>\n<li>farsi seguire da casa<\/li>\n<li>scaricare mappe offline<\/li>\n<li>mandare una richiesta di soccorso in presenza di connessione dati.<\/li>\n<\/ul>\n<p>&nbsp;<\/p>\n<p>.<\/p>\n","protected":false},"excerpt":{"rendered":"<p>La Commissione Sentieri e Cartografia del Club Alpino Italiano &#8211; Sezione di Cagliari ha preparato una presentazione sull&#8217; uso di GeoResQ E&#8217; stato preparato un file.pdf con alcuni collegamenti ipertestuali. Si consiglia di aprire i collegamenti ipertestuali con il tasto &hellip; <a href=\"https:\/\/www.caicagliari.it\/escursionismo\/georesq-istruzioni-per-luso\/\">Continua<\/a><\/p>\n","protected":false},"author":9,"featured_media":0,"parent":0,"menu_order":0,"comment_status":"closed","ping_status":"closed","template":"","meta":{"_acf_changed":false,"jetpack_post_was_ever_published":false,"footnotes":""},"class_list":["post-10003612","page","type-page","status-publish","hentry"],"acf":[],"jetpack_sharing_enabled":true,"jetpack_shortlink":"https:\/\/wp.me\/P7kNhu-FYoA","jetpack-related-posts":[{"id":10004418,"url":"https:\/\/www.caicagliari.it\/escursionismo\/commissione-sentieri-2\/","url_meta":{"origin":10003612,"position":0},"title":"Commissione Sentieri","author":"paolop","date":"23 Ottobre 2017","format":false,"excerpt":"Costituita nel 1983 per occuparsi di quell'ambito specifico del settore escursionistico che \u00e8 volto allo studio, alla realizzazionee alla manutenzione di reti di sentieri segnati, dunque di tracciati percorribili anche in autonomia e senza ausilio di guida. La Legge regionale 16\/2017 (Testo unico sul turismo) modifica la Legge Regionale n.8\u2026","rel":"","context":"Articolo simile","block_context":{"text":"Articolo simile","link":""},"img":{"alt_text":"","src":"https:\/\/i0.wp.com\/www.caicagliari.it\/escursionismo\/wp-content\/uploads\/sites\/2\/2022\/09\/caica.jpg?fit=512%2C512&ssl=1&resize=350%2C200","width":350,"height":200},"classes":[]},{"id":10003508,"url":"https:\/\/www.caicagliari.it\/escursionismo\/sentieristica-cartografia\/","url_meta":{"origin":10003612,"position":1},"title":"Sentieristica &#8211; Cartografia","author":"paolop","date":"9 Gennaio 2024","format":false,"excerpt":"La Commissione Sentieri e Cartografia Anche nella nostra Regione si assiste ad un crescente interesse per l'attivit\u00e0 escursionistica e ad un costante incremento di camminatori frequentatori dei sentieri. Da qualche anno anche in Sardegna \u00e8 presente una Rete Escursionistica in continua espansione grazie, in primo luogo, all'impegno di Forestas e\u2026","rel":"","context":"Articolo simile","block_context":{"text":"Articolo simile","link":""},"img":{"alt_text":"","src":"","width":0,"height":0},"classes":[]},{"id":10004112,"url":"https:\/\/www.caicagliari.it\/escursionismo\/sentieri-sella-del-diavolo\/","url_meta":{"origin":10003612,"position":2},"title":"Sentieri Sella del Diavolo","author":"paolop","date":"14 Settembre 2025","format":false,"excerpt":"Sentieri nella Sella del Diavolo (fase pre-progettuale) Progetto escursionistico (ancora da valutare la sua opportunit\u00e0). Presente traccia dei sentieri proposti\u00a0 e localizzazione eventuali Luoghi di Posa. Sarebbero previsti due sentieri per ora denominati A e B. I Luoghi di Posa contengono descrizioni attivabili con un click del mouse. E' possibile\u2026","rel":"","context":"Articolo simile","block_context":{"text":"Articolo simile","link":""},"img":{"alt_text":"","src":"","width":0,"height":0},"classes":[]},{"id":10004549,"url":"https:\/\/www.caicagliari.it\/escursionismo\/sentiero-italia-cai-sezione-di-cagliari\/","url_meta":{"origin":10003612,"position":3},"title":"Sentiero Italia Cai &#8211; Sezione di Cagliari &#8211; LdP","author":"paolop","date":"23 Aprile 2026","format":false,"excerpt":"Tramite questa pagina \u00e8 possibile reperire i progetti dei Luoghi di posa del Sentiero Italia relativi al tratto di competenza della Sezione di Cagliari. ?","rel":"","context":"Articolo simile","block_context":{"text":"Articolo simile","link":""},"img":{"alt_text":"","src":"","width":0,"height":0},"classes":[]},{"id":10001291,"url":"https:\/\/www.caicagliari.it\/escursionismo\/gruppo-escursionistico\/le-regole\/","url_meta":{"origin":10003612,"position":4},"title":"Le Regole","author":"admin","date":"15 Marzo 2016","format":false,"excerpt":"PREMESSA L\u2019Escursionismo Sociale \u00e8 l\u2019attivit\u00e0 pi\u00f9 praticata nella nostra sezione, la via maestra di accesso dei soci alle nostre attivit\u00e0. Riveste perci\u00f2 una importanza sociale e formativa fondamentale e promuove oltre ad un sano godimento della natura in piena sicurezza, anche la maturazione culturale e tecnica del socio che ha\u2026","rel":"","context":"Articolo simile","block_context":{"text":"Articolo simile","link":""},"img":{"alt_text":"","src":"","width":0,"height":0},"classes":[]},{"id":10002127,"url":"https:\/\/www.caicagliari.it\/escursionismo\/gruppo-escursionistico\/organizzazione\/","url_meta":{"origin":10003612,"position":5},"title":"Organizzazione","author":"paolop","date":"6 Giugno 2019","format":false,"excerpt":"Presidente: Claudio Simbula Sito: www.escai.sardegna.it \u00a0 Informazioni generali Il Gruppo si occupa della compilazione del calendario delle escursioni da proporre ogni anno, della conduzione e dell\u2019organizzazione delle stesse. Promuove ogni iniziativa per la diffusione e la pratica dell\u2019escursionismo finalizzata alla frequentazione consapevole e corretta dei territori montani, allo studio, la\u2026","rel":"","context":"Articolo simile","block_context":{"text":"Articolo simile","link":""},"img":{"alt_text":"","src":"","width":0,"height":0},"classes":[]}],"_links":{"self":[{"href":"https:\/\/www.caicagliari.it\/escursionismo\/wp-json\/wp\/v2\/pages\/10003612","targetHints":{"allow":["GET"]}}],"collection":[{"href":"https:\/\/www.caicagliari.it\/escursionismo\/wp-json\/wp\/v2\/pages"}],"about":[{"href":"https:\/\/www.caicagliari.it\/escursionismo\/wp-json\/wp\/v2\/types\/page"}],"author":[{"embeddable":true,"href":"https:\/\/www.caicagliari.it\/escursionismo\/wp-json\/wp\/v2\/users\/9"}],"replies":[{"embeddable":true,"href":"https:\/\/www.caicagliari.it\/escursionismo\/wp-json\/wp\/v2\/comments?post=10003612"}],"version-history":[{"count":5,"href":"https:\/\/www.caicagliari.it\/escursionismo\/wp-json\/wp\/v2\/pages\/10003612\/revisions"}],"predecessor-version":[{"id":10003616,"href":"https:\/\/www.caicagliari.it\/escursionismo\/wp-json\/wp\/v2\/pages\/10003612\/revisions\/10003616"}],"wp:attachment":[{"href":"https:\/\/www.caicagliari.it\/escursionismo\/wp-json\/wp\/v2\/media?parent=10003612"}],"curies":[{"name":"wp","href":"https:\/\/api.w.org\/{rel}","templated":true}]}}