{"id":10001520,"date":"2019-04-13T11:56:23","date_gmt":"2019-04-13T09:56:23","guid":{"rendered":"http:\/\/www.caicagliari.it\/cicloescursionismo\/?page_id=10001520"},"modified":"2026-01-07T04:36:32","modified_gmt":"2026-01-07T03:36:32","slug":"regolamento","status":"publish","type":"page","link":"https:\/\/www.caicagliari.it\/cicloescursionismo\/regolamento\/","title":{"rendered":"REGOLAMENTO"},"content":{"rendered":"<h3 style=\"text-align: center\"><strong>ESTRATTO REGOLAMENTO PER ATTIVITA\u2019 DI CICLOESCURSIONISMO<\/strong><\/h3>\n<p>&nbsp;<\/p>\n<p>Lo scopo delle escursioni, secondo lo spirito del cicloescursionismo in ambito CAI, \u00e8 quello di trascorrere una giornata in compagnia, nel massimo della sicurezza e nel pieno rispetto per l\u2019ambiente.<\/p>\n<p>Le escursioni non sono gare e qualunque forma di agonismo, anche amichevole, \u00e8 vieta\u00adta.<\/p>\n<p>&nbsp;<\/p>\n<h4><strong>Ammissione dei partecipanti<\/strong><\/h4>\n<p>Chi aderisce alle escursioni in programma dichiara di essere cosciente dell&#8217;impegno fisico e dei rischi che l&#8217;attivit\u00e0 del cicloescursionismo comporta e di essere consapevole che, per partecipare a questa attivit\u00e0, \u00e8 necessario possedere:<\/p>\n<ul>\n<li>requisiti fisici di idoneit\u00e0 alla pratica sportiva non agonistica del ciclismo in ambiente montano;<\/li>\n<li>idonea attrezzatura ed equipaggiamento;<\/li>\n<li>adeguata capacit\u00e0 e preparazione fisico-atletica per superare lunghezza e dislivello previsti e capacit\u00e0 tecnica per affrontare le difficolt\u00e0 indicate per ogni singola uscita.<\/li>\n<\/ul>\n<p>L&#8217;adesione alle escursioni deve essere approvata dal direttore dell\u2019escursione. Per i minori di anni 18 si richiede l\u2019autorizzazione sottoscritta da un genitore o da chi ne esercita la potest\u00e0 parentale.<\/p>\n<p>Alle escursioni che presentano particolari difficolt\u00e0 possono partecipare solo coloro che, ad insindacabile giudizio del direttore dell\u2019escursione o del gruppo accompagnatori, abbiano dimostrato nelle uscite precedenti di possedere i requisiti minimi indispensabili per affrontare in sicurezza il percorso in programma o \u2013 in caso di prima uscita \u2013 che dichiarino di possedere tali requisiti.<\/p>\n<p>Possono essere esclusi dalle escursioni coloro che evidenziano carenze macroscopiche di attrezzatura o equipaggiamento e coloro che nelle uscite precedenti si siano comportati difformemente dallo spirito del Gruppo, ad insindacabile parere del direttore dell\u2019escursione o del gruppo accompagnatori.<\/p>\n<p>&nbsp;<\/p>\n<h4><strong>Svolgimento dell\u2019escursione<\/strong><\/h4>\n<p>Al direttore dell\u2019escursione esclusivamente spetta ogni decisione in merito allo svolgimento dell&#8217;escursione, anche difforme dal programma qualora necessario.<\/p>\n<p>Il direttore dell\u2019escursione pu\u00f2 variare localit\u00e0 e data, variare il percorso in programma o annullare l\u2019escursione qualora le condizioni dei partecipanti, quelle atmosferiche o del percorso stesso non fossero ritenute favorevoli.<\/p>\n<p>L\u2019escursione ha inizio e temine nelle rispettive localit\u00e0 indicate sul programma. La localit\u00e0 di partenza viene raggiunta dai partecipanti con le modalit\u00e0 indicate dagli organizzatori entro l&#8217;orario stabilito dal direttore dell\u2019escursione.<\/p>\n<p>Nel caso di percorrenza di strade aperte al traffico veicolare, tutti i partecipanti devono attenersi alle disposizioni del vigente Codice della Strada.<\/p>\n<p>&nbsp;<\/p>\n<h4><strong>Doveri dei partecipanti<\/strong><\/h4>\n<p>I partecipanti devono informarsi sulle caratteristiche dell&#8217;equipaggiamento minimo indispensabile per ciascuna escursione. \u00c8 obbligo dei partecipanti dotarsi di mezzi e attrezzature idonei.<\/p>\n<p>L&#8217;uso del casco \u00e8 obbligatorio: esso deve essere mantenuto correttamente posizionato e allacciato per l\u2019intera durata dell\u2019escursione, con la sola esclusione delle pause.<\/p>\n<p>Le decisioni degli accompagnatori e in particolare del direttore dell\u2019escursione devono essere scrupolosamente rispettate, sia prima che durante l&#8217;escursione. Sono assolutamente da escludere le iniziative personali: chi si discosta dal gruppo di propria iniziativa, non segue le indicazioni degli accompagnatori, non osserva le presenti disposizioni e\/o quelle dei regolamenti sezionali se ne assume piena responsabilit\u00e0.<\/p>\n<p>\u00c8 vietato superare l\u2019accompagnatore di testa e voler farsi superare dall&#8217;accompagnatore di coda.<\/p>\n<p>Tutti i partecipanti sono obbligati a prestare soccorso e comunque a collaborare con gli accompagnatori in caso di loro richiesta o necessit\u00e0.<\/p>\n<p>\u00c8 fatto obbligo a tutti i partecipanti di rispettare le norme di autoregolamentazione, con particolare riguardo all&#8217;uso del casco, al rispetto dell\u2019ambiente e delle altre persone che si incontrano sul percorso.<\/p>\n<p>Ogni partecipante \u00e8 responsabile della propria salute, del proprio mezzo e della relativa conduzione e dovr\u00e0 preventivamente segnalare al direttore dell\u2019escursione eventuali problemi o difficolt\u00e0.<\/p>\n<p>&nbsp;<\/p>\n<h4><strong>Assicurazioni<\/strong><\/h4>\n<p>Tutti gli iscritti alle escursioni sono coperti da Assicurazione RC con la polizza CAI. Solo i Soci CAI in regola con il tesseramento sono automaticamente coperti dall&#8217;assicurazione infortuni per ciascuna escursione sociale. I non Soci devono versare il premio giornaliero previsto dalla polizza CAI in aggiunta alla quota di partecipazione e devono obbligatoriamente iscriversi entro i termini previsti dal direttore d\u2019escursione per consentire agli organizzatori di espletare le relative pratiche.<\/p>\n<div class=\"space_80 clearfix\"><\/div>\n<p>&nbsp;<\/p>\n<h1 style=\"text-align: center\"><strong>CODICE DI AUTOREGOLAMENTAZIONE DEL CICLOESCURSIONISTA<\/strong><\/h1>\n<div class=\"clearfix\"><\/div>\n<p>&nbsp;<\/p>\n<h4 style=\"text-align: center\">Il CAI annovera la bicicletta tipo mountain bike tra gli strumenti adatti all\u2019escursionismo.<\/h4>\n<h4 style=\"text-align: center\">Il comportamento del cicloescursionista deve essere sempre improntato al fine di:<\/h4>\n<h4 style=\"text-align: center\">\u201cNon nuocere a se stessi, agli altri ed all\u2019ambiente\u201d.<\/h4>\n<div class=\"space_20 clearfix\"><\/div>\n<p>&nbsp;<\/p>\n<h4><strong>Norme ambientali<\/strong><\/h4>\n<ul>\n<li>I percorsi sono scelti in funzione di tracciati e\/o condizioni ambientali che consentano il passaggio della mtb senza arrecare danno al patrimonio naturalistico; evitare di uscire dal tracciato.<\/li>\n<li>Le tecniche di guida devono essere ecocompatibili, evitando manovre dannose quali, ad esempio, la derapata (bloccaggio della ruota posteriore).<\/li>\n<li>Non fa parte della filosofia CAI servirsi d\u2019impianti di risalita o di mezzi meccanici e poi usare la mtb solo come mezzo di discesa (il downhill \u00e8 estraneo allo spirito del CAI).<\/li>\n<\/ul>\n<div class=\"space_20 clearfix\"><\/div>\n<h4><strong>Norme tecniche<\/strong><\/h4>\n<ul>\n<li>Il mezzo in uso deve essere in condizioni meccaniche efficienti.<\/li>\n<li>L\u2019abbigliamento, l\u2019attrezzatura e l\u2019equipaggiamento devono essere adeguati al percorso da affrontare.<\/li>\n<li>Il casco deve sempre essere indossato ed allacciato.<\/li>\n<\/ul>\n<div class=\"space_20 clearfix\"><\/div>\n<h4><strong>Norme di sicurezza<\/strong><\/h4>\n<ul>\n<li>La velocit\u00e0 di conduzione deve essere commisurata alle capacit\u00e0 personali, alla visibilit\u00e0 ed alle condizioni del percorso, in modo da non creare pericolo per s\u00e9 e per gli altri.<\/li>\n<li>Occorre sempre dare la precedenza agli escursionisti a piedi, che devono essere garbatamente avvisati a distanza del nostro arrivo, a voce o con dispositivo acustico.<\/li>\n<li>La scelta dei percorsi deve tenere conto delle personali capacit\u00e0 fisiche, tecniche ed atletiche.<\/li>\n<\/ul>\n<div class=\"space_40 clearfix\"><\/div>\n<p><strong><em>Il presente \u201cCodice di autoregolamentazione del cicloescursionista\u201d si aggiunge ai codici di autoregolamentazione della mountain bike, come i Codici NORBA e IMBA citati dalle \u201cTavole di Courmayeur\u201d, ed \u00e8 rivolto in particolare ai Soci CAI, che svolgono attivit\u00e0 escursionistica in mtb sia in forma associativa che individuale. <\/em><\/strong><\/p>\n<p><strong><em>Si rimanda per completezza di informazioni sulla specifica attivit\u00e0 in ambito CAI al Quaderno di Escursionismo n. 11 edito da CAI-CCE Gruppo Cicloescursionismo (<a href=\"https:\/\/organizzazione.cai.it\/commissione-centrale-escursionismo-cicloescursionismo\/wp-content\/uploads\/sites\/83\/2024\/11\/Quaderno-CAI-11-cicloescursionismo.pdf\">qui<\/a>).<\/em><\/strong><\/p>\n","protected":false},"excerpt":{"rendered":"<p>ESTRATTO REGOLAMENTO PER ATTIVITA\u2019 DI CICLOESCURSIONISMO &nbsp; Lo scopo delle escursioni, secondo lo spirito del cicloescursionismo in ambito CAI, \u00e8 quello di trascorrere una giornata in compagnia, nel massimo della sicurezza e nel pieno rispetto per l\u2019ambiente. Le escursioni non &hellip; <a href=\"https:\/\/www.caicagliari.it\/cicloescursionismo\/regolamento\/\">Continua<\/a><\/p>\n","protected":false},"author":10,"featured_media":0,"parent":0,"menu_order":0,"comment_status":"closed","ping_status":"closed","template":"","meta":{"_acf_changed":false,"jetpack_post_was_ever_published":false,"footnotes":""},"class_list":["post-10001520","page","type-page","status-publish","hentry"],"acf":[],"jetpack_sharing_enabled":true,"jetpack_shortlink":"https:\/\/wp.me\/P7lKRh-FXQQ","jetpack-related-posts":[],"_links":{"self":[{"href":"https:\/\/www.caicagliari.it\/cicloescursionismo\/wp-json\/wp\/v2\/pages\/10001520","targetHints":{"allow":["GET"]}}],"collection":[{"href":"https:\/\/www.caicagliari.it\/cicloescursionismo\/wp-json\/wp\/v2\/pages"}],"about":[{"href":"https:\/\/www.caicagliari.it\/cicloescursionismo\/wp-json\/wp\/v2\/types\/page"}],"author":[{"embeddable":true,"href":"https:\/\/www.caicagliari.it\/cicloescursionismo\/wp-json\/wp\/v2\/users\/10"}],"replies":[{"embeddable":true,"href":"https:\/\/www.caicagliari.it\/cicloescursionismo\/wp-json\/wp\/v2\/comments?post=10001520"}],"version-history":[{"count":7,"href":"https:\/\/www.caicagliari.it\/cicloescursionismo\/wp-json\/wp\/v2\/pages\/10001520\/revisions"}],"predecessor-version":[{"id":10002535,"href":"https:\/\/www.caicagliari.it\/cicloescursionismo\/wp-json\/wp\/v2\/pages\/10001520\/revisions\/10002535"}],"wp:attachment":[{"href":"https:\/\/www.caicagliari.it\/cicloescursionismo\/wp-json\/wp\/v2\/media?parent=10001520"}],"curies":[{"name":"wp","href":"https:\/\/api.w.org\/{rel}","templated":true}]}}